d derivative of -n**6/120 - n**5/6 - 19*n**4/24 - 5*n**3/2 - 57*n**2. List the prime factors of y(-9).
3, 5
Let x = 21647 + -10875. List the prime factors of x.
2, 2693
Let k(c) = c**3 - 105*c**2 + 448*c + 219. List the prime factors of k(102).
3, 13, 29
Let q(x) be the second derivative of x**4/12 - x**2/2 - 13*x. Let m be q(-2). Suppose m*r - 324 = w, -r + 3*r = -w + 211. What are the prime factors of r?
107
Suppose 2*i + 126 = -2*g, 2*g = -2*g + 5*i - 297. List the prime factors of g/(-16) + 0 - (-1)/(-4).
2
Suppose -o + 4*f = -3 + 25, 8 = o + 2*f. Let r be -5 - (-3 - (o - -2)). What are the prime factors of (r - 12/(-9))*(-153)/2?
3, 17
Let k = 1466 - -53. Suppose 4*r = -4*b + 1516, 0*b - 3*r = 4*b - k. What are the prime factors of b?
2, 191
List the prime factors of (-50)/(-25)*(2053221/45 - 12/90).
2, 3, 67, 227
Suppose 0 = -19*p + 3986 + 8440. Let a = -448 + p. What are the prime factors of a?
2, 103
Suppose 7*m = -y + 10*m + 87, 5*y - 4*m - 391 = 0. Suppose y = x - 220. List the prime factors of x.
5, 59
Let y = 13849 - 3867. List the prime factors of y.
2, 7, 23, 31
List the prime factors of (-46*(-4)/24 - 4)*1899.
3, 11, 211
Suppose -l + 36 - 10 = 0. Suppose 0 = v + 5 - l. List the prime factors of v + -16 - 3*-4.
17
Let j be (9 - 11) + 1 + 34. Suppose -139 = -2*l + j. List the prime factors of l.
2, 43
Let k(p) = 963*p - 2134. List the prime factors of k(14).
2, 2837
Let l(i) = 146*i**3 - 10*i**2 - 6*i - 2. List the prime factors of l(3).
2, 479
Let s = 11496 + -7460. What are the prime factors of s?
2, 1009
Suppose 668088 = -5*g + 5*g + 18*g. List the prime factors of g.
2, 3, 1031
Let v = 24 - 24. Let x = 2 + v. Suppose 0 = x*b - 0*b - 46. What are the prime factors of b?
23
Let i = -310 - -437. Suppose 0 = -0*d + 5*d. Suppose d*m + 2*w - i = -3*m, -4*w - 4 = 0. List the prime factors of m.
43
Let p = 4840 + -2669. List the prime factors of p.
13, 167
Suppose -2*p - 58 = 50. What are the prime factors of (-1)/(-3) - 70182/p?
2, 5, 13
Suppose 12800 = k - 5*x, 41*x - 39*x = k - 12815. List the prime factors of k.
3, 5, 19
Let q = -17263 + 34327. List the prime factors of q.
2, 3, 79
Let v be (235/(-94))/((-2)/4). Suppose 5*l + 1038 + 1419 = 4*b, -b - v*l = -633. List the prime factors of b.
2, 3, 103
Let m(v) = -247*v**2 - 9*v - 11. Let q be m(-1). Let r = q + 578. List the prime factors of r.
7, 47
Let v(o) = 198*o + 1. Let s be v(-5). Let t = s + 1802. Suppose -223 = -7*p + t. List the prime factors of p.
2, 37
Suppose -20*z - 1073862 = -32*z - 6*z. What are the prime factors of z?
59659
Let a = 153 + -101. Let z be (4 + (-15)/(-10))*a. Suppose z = 12*l - 134. What are the prime factors of l?
5, 7
Suppose 0 = 753*i - 722*i - 755842. What are the prime factors of i?
2, 73, 167
Let d be (3267/55)/11 - 4/10. Suppose 4*a - 10057 = -5*p, d*a - 4033 = -2*p - 0*p. What are the prime factors of p?
7, 41
Let z(c) = 61*c**2 - 9*c + 14. Let d be z(3). Suppose 2*h = n - 100, -5*n - 20*h + 21*h = -d. List the prime factors of n.
2, 3
Let f be ((-67779)/(-85))/((-9)/(-30)). Let o = f + -1530. What are the prime factors of o?
2, 3, 47
Suppose 674*s - 60624 = 650*s. What are the prime factors of s?
2, 3, 421
Suppose -13*z + 456 = -1195. Let b = -42 + z. What are the prime factors of b?
5, 17
Let j = 368 + -188. Suppose 326 + j = 11*i. List the prime factors of i.
2, 23
Let s = 35 + -38. Let i be s/(-6)*-4 - (-64 - 1). List the prime factors of 18/i - 1340/(-14).
2, 3
Let x(p) = 5517*p**2 - 10*p + 1. List the prime factors of x(-1).
2, 691
Let v(d) = 6*d**3 - 4*d**2 + 5*d - 3. Let m be v(2). Let o = -23 + m. Suppose 8*z - o*z = -1320. What are the prime factors of z?
3, 5, 11
What are the prime factors of 804/(-737) - (-111674)/22?
5, 7, 29
Suppose 59*s + 3*y = 64*s - 83790, 0 = -5*s - 5*y + 83790. What are the prime factors of s?
2, 3, 7, 19
Let d(l) = -l**3 - 14 + 16*l + 4*l**2 + 6*l + 16*l**2. Let q be d(21). Let y(w) = 19*w - 14. What are the prime factors of y(q)?
7, 17
Let m(f) = -f + 12. Let u(w) = -w + 17. Let o be u(8). Suppose x - 5*y - o = 0, 0 = 2*x - y + 27. List the prime factors of m(x).
2, 7
Let d = -1617 - -4652. List the prime factors of d.
5, 607
Suppose 164*k + 54*k = 44*k + 4344606. List the prime factors of k.
3, 7, 29, 41
Let z(f) = -7*f - 8*f - 46 - 15. List the prime factors of z(-11).
2, 13
Suppose -30*f - 24*f + 2643138 = 0. List the prime factors of f.
48947
Let g = -165 - -369. Suppose 3*i - 1206 = g. List the prime factors of i.
2, 5, 47
Let x(k) be the third derivative of -10*k**2 - 2*k**3 + 7/30*k**5 - 1/24*k**4 + 0 + 0*k. List the prime factors of x(4).
2, 13
Let s = -190 + 182. Let h(n) = -70*n - 178. List the prime factors of h(s).
2, 191
Let v(i) be the first derivative of 13/2*i**2 + 7*i - 32. What are the prime factors of v(11)?
2, 3, 5
Let l(f) = 10*f**3 - 48*f**2 - 28*f + 102. List the prime factors of l(16).
2, 3, 4721
Let c(u) = u**3 + 33*u**2 + 84*u - 30. What are the prime factors of c(-26)?
2, 1259
Suppose -200 = 8*l - 32. Let r = l - 3. What are the prime factors of 248/3 + r/36?
2, 41
Suppose 0*l + 3*l - 5*a = -10, -2*l = a + 24. What are the prime factors of (21*-11)/((-9)/((-450)/l))?
3, 5, 7, 11
Suppose 14*m = 38 + 2762. Let a be (2/(-5))/((-20)/m). Suppose -a*l + 765 = -147. List the prime factors of l.
2, 3, 19
List the prime factors of (-1878)/(-2)*(-5 + 114/18 - 0).
2, 313
Let j = 975 - 711. Suppose -2*g + 3134 - j = 0. List the prime factors of g.
5, 7, 41
Let g = 43093 + -30369. List the prime factors of g.
2, 3181
Suppose 8*v - 5*v = 3*a + 40692, -3*a = -v + 13574. What are the prime factors of v?
7, 13, 149
Suppose h + 4*h + 2*g = 23, 8 = 4*h - g. Suppose 2*d - 12 = -2*d, -h*d - 466 = -5*p. List the prime factors of p.
5, 19
Let b(l) = 81*l**2 + 5*l + 15. Let v be (6/2)/((-27)/(-18)*-1). What are the prime factors of b(v)?
7, 47
Suppose -3*g = -b + 33329, 0 = -5*b + g + 104455 + 62134. List the prime factors of b.
33317
Let o(a) = -140*a**2 + 1. Let w be o(1). Suppose 46*l = 472 - 838 - 2992. Let c = l - w. List the prime factors of c.
2, 3, 11
List the prime factors of 6 - -7 - (-5 + -15660).
2, 3, 13, 67
What are the prime factors of 56090/6 + 128/192?
9349
Let h(t) = -t**3 - 2*t**2 + 4*t - 2. Let s be h(2). Let d(c) = -7*c - 38. Let a(z) = z. Let g(n) = -4*a(n) + d(n). List the prime factors of g(s).
2, 3
Let l(a) = a**2 - 17*a - 10. Let t be l(18). Suppose t*q + 30 = 13*q. Suppose -q + 85 = u. List the prime factors of u.
79
Suppose 2*o - 6 = 14. Suppose -4*q + 7*l = o*l - 1297, q + 4*l = 334. What are the prime factors of q?
2, 7, 23
Let f = 271 + -194. Let y = f + -89. Let n(u) = -3*u - 5. What are the prime factors of n(y)?
31
What are the prime factors of ((-10)/(-180)*-12)/((-10)/582615)?
3, 11, 107
Suppose 441*k - 6473 = -2*t + 436*k, 2*t - 4*k - 6428 = 0. List the prime factors of t.
2, 13, 31
Suppose -b + 4*b + 2*l = 4, -b - 10 = -5*l. Suppose -4*h = 2*f + 8, b*h - 16 = -5*f + 2*h. Suppose f*v = -3*v + 1110. List the prime factors of v.
2, 3, 37
Suppose -4*r - 3*n = -174663, -r + 2*n + 59115 = 15441. List the prime factors of r.
2, 3, 1213
Let r(q) be the first derivative of 13/3*q**3 + 4 + 0*q**2 + 1/4*q**4 + 15*q. What are the prime factors of r(-13)?
3, 5
Let b = 43705 - 30911. List the prime factors of b.
2, 6397
Let q = -32506 + 55442. List the prime factors of q.
2, 47, 61
Let o = 544 - 186. Suppose -5*y + 4*h - o = -1759, -3*h = y - 265. List the prime factors of y.
277
Suppose -8450 = 8*t - 148810. What are the prime factors of t?
5, 11, 29
Let x = 325 + -325. Let l(z) = -z**2 + 20*z + 864. List the prime factors of l(x).
2, 3
Let a be (1 - 0)*1 + 12/2. Let u(f) = -6*f**2 + 7*f - 43. Let m(k) = -5*k**2 + 7*k - 42. Let d(s) = a*m(s) - 6*u(s). What are the prime factors of d(-16)?
2, 3
Let q = -5023 - -8424. List the prime factors of q.
19, 179
List the prime factors of (-1 + 0/(-3))*(-11625 - 406).
53, 227
Let l(s) be the second derivative of -55*s**3/6 - 36*s**2 + 3*s + 34. List the prime factors of l(-11).
13, 41
Let b = 62 - 60. Suppose 169 = -b*h + 1001. List the prime factors of h.
2, 13
Let y = -116 - -67. Suppose 0 = 2*l + 2*p - 162, -l + 6*p + 38 + 22 = 0. Let c = y + l. What are the prime factors of c?
29
Let b = -162 + 163. What are the prime factors of (0